[INFO] cloning repository https://github.com/emigr2k1/mejorable
[INFO] running `Command { std: "git" "-c" "credential.helper=" "-c" "credential.helper=/workspace/cargo-home/bin/git-credential-null" "clone" "--bare" "https://github.com/emigr2k1/mejorable" "/workspace/cache/git-repos/https%3A%2F%2Fgithub.com%2Femigr2k1%2Fmejorable", kill_on_drop: false }`
[INFO] [stderr] Cloning into bare repository '/workspace/cache/git-repos/https%3A%2F%2Fgithub.com%2Femigr2k1%2Fmejorable'...
[INFO] running `Command { std: "git" "rev-parse" "HEAD", kill_on_drop: false }`
[INFO] [stdout] 70902a29f9bc0ca8318ca49412c47f838891cf8e
[INFO] checking emigr2k1/mejorable against master#af3c6e733a40e671550e0f0f5aeecaa13772ba56 for pr-74989
[INFO] running `Command { std: "git" "clone" "/workspace/cache/git-repos/https%3A%2F%2Fgithub.com%2Femigr2k1%2Fmejorable" "/workspace/builds/worker-14/source", kill_on_drop: false }`
[INFO] [stderr] Cloning into '/workspace/builds/worker-14/source'...
[INFO] [stderr] done.
[INFO] validating manifest of git repo https://github.com/emigr2k1/mejorable on toolchain af3c6e733a40e671550e0f0f5aeecaa13772ba56
[INFO] running `Command { std: "/workspace/cargo-home/bin/cargo" "+af3c6e733a40e671550e0f0f5aeecaa13772ba56" "read-manifest" "--manifest-path" "Cargo.toml", kill_on_drop: false }`
[INFO] started tweaking git repo https://github.com/emigr2k1/mejorable
[INFO] finished tweaking git repo https://github.com/emigr2k1/mejorable
[INFO] tweaked toml for git repo https://github.com/emigr2k1/mejorable written to /workspace/builds/worker-14/source/Cargo.toml
[INFO] crate git repo https://github.com/emigr2k1/mejorable already has a lockfile, it will not be regenerated
[INFO] running `Command { std: "/workspace/cargo-home/bin/cargo" "+af3c6e733a40e671550e0f0f5aeecaa13772ba56" "fetch" "--locked" "--manifest-path" "Cargo.toml", kill_on_drop: false }`
[INFO] running `Command { std: "docker" "create" "-v" "/var/lib/crater-agent-workspace/builds/worker-14/target:/opt/rustwide/target:rw,Z" "-v" "/var/lib/crater-agent-workspace/builds/worker-14/source:/opt/rustwide/workdir:ro,Z" "-v" "/var/lib/crater-agent-workspace/cargo-home:/opt/rustwide/cargo-home:ro,Z" "-v" "/var/lib/crater-agent-workspace/rustup-home:/opt/rustwide/rustup-home:ro,Z" "-e" "SOURCE_DIR=/opt/rustwide/workdir" "-e" "CARGO_TARGET_DIR=/opt/rustwide/target" "-e" "CARGO_HOME=/opt/rustwide/cargo-home" "-e" "RUSTUP_HOME=/opt/rustwide/rustup-home" "-w" "/opt/rustwide/workdir" "-m" "1610612736" "--user" "0:0" "--network" "none" "rustops/crates-build-env@sha256:d92eaeed33fa75130ca1ee6c8a01d1ffb62bac859dfdfb3450e3e5d1c0146529" "/opt/rustwide/cargo-home/bin/cargo" "+af3c6e733a40e671550e0f0f5aeecaa13772ba56" "metadata" "--no-deps" "--format-version=1", kill_on_drop: false }`
[INFO] [stdout] 1765a74f1bfcd999b8295cf2c7e53af0f50ec97cf68ed2d76a5ed81eaa596ece
[INFO] [stderr] WARNING: Your kernel does not support swap limit capabilities or the cgroup is not mounted. Memory limited without swap.
[INFO] running `Command { std: "docker" "start" "-a" "1765a74f1bfcd999b8295cf2c7e53af0f50ec97cf68ed2d76a5ed81eaa596ece", kill_on_drop: false }`
[INFO] running `Command { std: "docker" "inspect" "1765a74f1bfcd999b8295cf2c7e53af0f50ec97cf68ed2d76a5ed81eaa596ece", kill_on_drop: false }`
[INFO] running `Command { std: "docker" "rm" "-f" "1765a74f1bfcd999b8295cf2c7e53af0f50ec97cf68ed2d76a5ed81eaa596ece", kill_on_drop: false }`
[INFO] [stdout] 1765a74f1bfcd999b8295cf2c7e53af0f50ec97cf68ed2d76a5ed81eaa596ece
[INFO] running `Command { std: "docker" "create" "-v" "/var/lib/crater-agent-workspace/builds/worker-14/target:/opt/rustwide/target:rw,Z" "-v" "/var/lib/crater-agent-workspace/builds/worker-14/source:/opt/rustwide/workdir:ro,Z" "-v" "/var/lib/crater-agent-workspace/cargo-home:/opt/rustwide/cargo-home:ro,Z" "-v" "/var/lib/crater-agent-workspace/rustup-home:/opt/rustwide/rustup-home:ro,Z" "-e" "SOURCE_DIR=/opt/rustwide/workdir" "-e" "CARGO_TARGET_DIR=/opt/rustwide/target" "-e" "CARGO_INCREMENTAL=0" "-e" "RUST_BACKTRACE=full" "-e" "RUSTFLAGS=--cap-lints=forbid" "-e" "CARGO_HOME=/opt/rustwide/cargo-home" "-e" "RUSTUP_HOME=/opt/rustwide/rustup-home" "-w" "/opt/rustwide/workdir" "-m" "1610612736" "--user" "0:0" "--network" "none" "rustops/crates-build-env@sha256:d92eaeed33fa75130ca1ee6c8a01d1ffb62bac859dfdfb3450e3e5d1c0146529" "/opt/rustwide/cargo-home/bin/cargo" "+af3c6e733a40e671550e0f0f5aeecaa13772ba56" "check" "--frozen" "--all" "--all-targets" "--message-format=json", kill_on_drop: false }`
[INFO] [stdout] 18f768e0d53838c573db601f3ec82bab56744ef22e47f6ebdb9dcc1097172a35
[INFO] [stderr] WARNING: Your kernel does not support swap limit capabilities or the cgroup is not mounted. Memory limited without swap.
[INFO] running `Command { std: "docker" "start" "-a" "18f768e0d53838c573db601f3ec82bab56744ef22e47f6ebdb9dcc1097172a35", kill_on_drop: false }`
[INFO] [stderr]     Blocking waiting for file lock on package cache
[INFO] [stderr]     Blocking waiting for file lock on package cache
[INFO] [stderr]     Checking mejorable v0.1.0 (/opt/rustwide/workdir)
[INFO] [stdout] error[E0433]: failed to resolve: unresolved import
[INFO] [stdout]  --> src/parser.rs:1:12
[INFO] [stdout]   |
[INFO] [stdout] 1 | use crate::line::token::{LineToken, LineTokenKind};
[INFO] [stdout]   |            ^^^^
[INFO] [stdout]   |            |
[INFO] [stdout]   |            unresolved import
[INFO] [stdout]   |            help: a similar path exists: `crate::scanner::line`
[INFO] [stdout] 
[INFO] [stdout] 
[INFO] [stdout] error[E0433]: failed to resolve: use of undeclared type or module `LineTokenKind`
[INFO] [stdout]   --> src/parser.rs:31:17
[INFO] [stdout]    |
[INFO] [stdout] 31 |                 LineTokenKind::SingleBlockFunction => self.parse_single_block_function(),
[INFO] [stdout]    |                 ^^^^^^^^^^^^^ use of undeclared type or module `LineTokenKind`
[INFO] [stdout] 
[INFO] [stdout] 
[INFO] [stdout] error[E0412]: cannot find type `LineToken` in this scope
[INFO] [stdout]  --> src/parser.rs:9:22
[INFO] [stdout]   |
[INFO] [stdout] 9 |     tokens: IntoIter<LineToken>,
[INFO] [stdout]   |                      ^^^^^^^^^ not found in this scope
[INFO] [stdout]   |
[INFO] [stdout] help: consider importing this type alias
[INFO] [stdout]   |
[INFO] [stdout] 1 | use crate::scanner::line::token::LineToken;
[INFO] [stdout]   |
[INFO] [stdout] 
[INFO] [stdout] 
[INFO] [stdout] error[E0412]: cannot find type `LineToken` in this scope
[INFO] [stdout]   --> src/parser.rs:10:27
[INFO] [stdout]    |
[INFO] [stdout] 10 |     current_token: Option<LineToken>,
[INFO] [stdout]    |                           ^^^^^^^^^ not found in this scope
[INFO] [stdout]    |
[INFO] [stdout] help: consider importing this type alias
[INFO] [stdout]    |
[INFO] [stdout] 1  | use crate::scanner::line::token::LineToken;
[INFO] [stdout]    |
[INFO] [stdout] 
[INFO] [stdout] 
[INFO] [stdout] error[E0412]: cannot find type `LineToken` in this scope
[INFO] [stdout]   --> src/parser.rs:11:24
[INFO] [stdout]    |
[INFO] [stdout] 11 |     peek_token: Option<LineToken>,
[INFO] [stdout]    |                        ^^^^^^^^^ not found in this scope
[INFO] [stdout]    |
[INFO] [stdout] help: consider importing this type alias
[INFO] [stdout]    |
[INFO] [stdout] 1  | use crate::scanner::line::token::LineToken;
[INFO] [stdout]    |
[INFO] [stdout] 
[INFO] [stdout] 
[INFO] [stdout] error[E0412]: cannot find type `LineToken` in this scope
[INFO] [stdout]   --> src/parser.rs:17:44
[INFO] [stdout]    |
[INFO] [stdout] 17 |     pub fn new(source: String, tokens: Vec<LineToken>) -> Self {
[INFO] [stdout]    |                                            ^^^^^^^^^ not found in this scope
[INFO] [stdout]    |
[INFO] [stdout] help: consider importing this type alias
[INFO] [stdout]    |
[INFO] [stdout] 1  | use crate::scanner::line::token::LineToken;
[INFO] [stdout]    |
[INFO] [stdout] 
[INFO] [stdout] 
[INFO] [stdout] error[E0433]: failed to resolve: unresolved import
[INFO] [stdout]  --> src/parser.rs:1:12
[INFO] [stdout]   |
[INFO] [stdout] 1 | use crate::line::token::{LineToken, LineTokenKind};
[INFO] [stdout]   |            ^^^^
[INFO] [stdout]   |            |
[INFO] [stdout]   |            unresolved import
[INFO] [stdout]   |            help: a similar path exists: `crate::scanner::line`
[INFO] [stdout] 
[INFO] [stdout] 
[INFO] [stdout] error[E0433]: failed to resolve: use of undeclared type or module `LineTokenKind`
[INFO] [stdout]   --> src/parser.rs:31:17
[INFO] [stdout]    |
[INFO] [stdout] 31 |                 LineTokenKind::SingleBlockFunction => self.parse_single_block_function(),
[INFO] [stdout]    |                 ^^^^^^^^^^^^^ use of undeclared type or module `LineTokenKind`
[INFO] [stdout] 
[INFO] [stdout] 
[INFO] [stdout] error[E0412]: cannot find type `LineToken` in this scope
[INFO] [stdout]  --> src/parser.rs:9:22
[INFO] [stdout]   |
[INFO] [stdout] 9 |     tokens: IntoIter<LineToken>,
[INFO] [stdout]   |                      ^^^^^^^^^ not found in this scope
[INFO] [stdout]   |
[INFO] [stdout] help: consider importing this type alias
[INFO] [stdout]   |
[INFO] [stdout] 1 | use crate::scanner::line::token::LineToken;
[INFO] [stdout]   |
[INFO] [stdout] 
[INFO] [stdout] 
[INFO] [stdout] error[E0412]: cannot find type `LineToken` in this scope
[INFO] [stdout]   --> src/parser.rs:10:27
[INFO] [stdout]    |
[INFO] [stdout] 10 |     current_token: Option<LineToken>,
[INFO] [stdout]    |                           ^^^^^^^^^ not found in this scope
[INFO] [stdout]    |
[INFO] [stdout] help: consider importing this type alias
[INFO] [stdout]    |
[INFO] [stdout] 1  | use crate::scanner::line::token::LineToken;
[INFO] [stdout]    |
[INFO] [stdout] 
[INFO] [stdout] 
[INFO] [stdout] error[E0412]: cannot find type `LineToken` in this scope
[INFO] [stdout]   --> src/parser.rs:11:24
[INFO] [stdout]    |
[INFO] [stdout] 11 |     peek_token: Option<LineToken>,
[INFO] [stdout]    |                        ^^^^^^^^^ not found in this scope
[INFO] [stdout]    |
[INFO] [stdout] help: consider importing this type alias
[INFO] [stdout]    |
[INFO] [stdout] 1  | use crate::scanner::line::token::LineToken;
[INFO] [stdout]    |
[INFO] [stdout] 
[INFO] [stdout] 
[INFO] [stdout] error[E0412]: cannot find type `LineToken` in this scope
[INFO] [stdout]   --> src/parser.rs:17:44
[INFO] [stdout]    |
[INFO] [stdout] 17 |     pub fn new(source: String, tokens: Vec<LineToken>) -> Self {
[INFO] [stdout]    |                                            ^^^^^^^^^ not found in this scope
[INFO] [stdout]    |
[INFO] [stdout] help: consider importing this type alias
[INFO] [stdout]    |
[INFO] [stdout] 1  | use crate::scanner::line::token::LineToken;
[INFO] [stdout]    |
[INFO] [stdout] 
[INFO] [stdout] 
[INFO] [stdout] error: aborting due to 6 previous errors
[INFO] [stdout] 
[INFO] [stdout] 
[INFO] [stdout] Some errors have detailed explanations: E0412, E0433.
[INFO] [stdout] 
[INFO] [stdout] For more information about an error, try `rustc --explain E0412`.
[INFO] [stdout] 
[INFO] [stdout] error: aborting due to 6 previous errors
[INFO] [stdout] 
[INFO] [stdout] 
[INFO] [stdout] Some errors have detailed explanations: E0412, E0433.
[INFO] [stdout] 
[INFO] [stdout] For more information about an error, try `rustc --explain E0412`.
[INFO] [stdout] 
[INFO] [stderr] error: could not compile `mejorable`.
[INFO] [stderr] 
[INFO] [stderr] To learn more, run the command again with --verbose.
[INFO] [stderr] warning: build failed, waiting for other jobs to finish...
[INFO] [stderr] error: build failed
[INFO] running `Command { std: "docker" "inspect" "18f768e0d53838c573db601f3ec82bab56744ef22e47f6ebdb9dcc1097172a35", kill_on_drop: false }`
[INFO] running `Command { std: "docker" "rm" "-f" "18f768e0d53838c573db601f3ec82bab56744ef22e47f6ebdb9dcc1097172a35", kill_on_drop: false }`
[INFO] [stdout] 18f768e0d53838c573db601f3ec82bab56744ef22e47f6ebdb9dcc1097172a35
